 -4152 = 18*m - i. What is the hundreds digit of m?
7
Let m = 1920 - 856. Suppose 1039 = 3*u - 0*u + t, -m = -3*u + 4*t. Suppose -4*f + 5*h = -u, -f + 2*h + 87 = -0*f. What is the tens digit of f?
8
Suppose 4*i - 24 = 0, -124*s - 47208 = -129*s + 2*i. What is the units digit of s?
4
Let z(n) = -2 + 10 + 6*n + 4*n + n. What is the tens digit of z(18)?
0
Suppose -2*o + 2*v + 1346 = 0, -691 - 637 = -2*o - 4*v. What is the units digit of o?
0
Let t(o) = 63*o + 9. Let k be 8*(-3)/6 + 2. Let g be t(k). Let z = -64 - g. What is the units digit of z?
3
Let g = -32974 + 84727. What is the thousands digit of g?
1
Let h(r) = -2*r**3 - 47*r**2 - 288*r + 52. What is the units digit of h(-28)?
2
What is the units digit of 24/5*(-281920)/(-128)?
2
What is the hundreds digit of ((-12)/18)/(-3 + (-15430)/(-5145))?
6
Suppose 0 = -5*l + 1727 - 1717. Suppose 10*q + 2328 = 4*r + 13*q, 1186 = l*r - 4*q. What is the hundreds digit of r?
5
Suppose -5*o = -45*o + 461360. What is the thousands digit of o?
1
Let v = 794 + -857. Let r = 569 - v. What is the hundreds digit of r?
6
Suppose 4*p = 4, 6*g - 2*g = p - 1369. Let s = g - -784. What is the hundreds digit of s?
4
Let q(t) = -2*t**2 - 9*t + 34. Let u be q(-7). What is the tens digit of (980 - u) + (44 - 37)?
8
What is the tens digit of (-952)/(-56) + (35099 - 2)?
1
Suppose -16*a + 29*a = -20*a + 853446. What is the thousands digit of a?
5
Let w = -9489 - -16006. What is the hundreds digit of w?
5
Let t = -53 - 93. Let s be (-3)/(-12) - (t/(-8) + 2). Let q = -14 - s. What is the units digit of q?
6
Suppose 2459*b - 2499*b = -756560. What is the ten thousands digit of b?
1
Let l(j) = j**3 - 2*j**2 - 1. Let p be l(2). Let z be (-4 - -8) + p + 2. Suppose -z*v = -126 - 64. What is the tens digit of v?
3
Suppose -4*x = -9*x - 25. Let c(k) = 4*k**2 - 5*k - 12. Let l(b) = -b**2 + b + 1. Let i(v) = -c(v) - 6*l(v). What is the units digit of i(x)?
1
Let u be (1144/8)/(4 + 13/(-3)). What is the units digit of u*(18/6 - 4)?
9
Let m = 83264 - 47593. What is the tens digit of m?
7
What is the tens digit of 696/(-1276) - ((-1 - -1) + (-22722)/33)?
8
Let h = 65 - 38. Let m be ((-9)/h)/((-2)/192). Suppose -m = -3*n + 34. What is the units digit of n?
2
Let p(j) = 9*j**2 + 12*j - 3. What is the units digit of p(-28)?
7
What is the units digit of (-5 - (-638)/145)/((-2)/640)?
2
Let i(z) = -347*z + 2679. What is the ten thousands digit of i(-68)?
2
Let f(q) = q + 10. Suppose -3*p = 5*o - 79, p + 2*o - o - 23 = 0. Suppose -16*c = -p*c + 12. What is the units digit of f(c)?
6
What is the hundreds digit of 12*(6 - (-5 + 221892/(-36)))?
0
Let w(t) = 4*t**2 + 14*t - t**3 + 17*t - 34*t - 50. Let y(m) = -m**3 + 5*m**2 - 4*m - 50. Let n(z) = -5*w(z) + 4*y(z). What is the units digit of n(0)?
0
Let j(s) = -957*s - 579. What is the thousands digit of j(-9)?
8
Let c = -36 - -40. Let k be 9 + (0/c - (-3 - -4)). Suppose 5*i - 488 = -k. What is the tens digit of i?
9
Suppose -4*o + 4*y + 30124 = 0, -2*o = -57*y + 53*y - 15058. What is the thousands digit of o?
7
Let b be 75*(245/15 - 0). Let m be 4 - (2 + (1 - b)). Suppose m = 14*f + 274. What is the tens digit of f?
6
Let x = 20 + -21. Let j be (-1 - 0 - x)/(5 + -6). Suppose -13*t - 385 + 3453 = j. What is the hundreds digit of t?
2
Let o(z) = 399*z. Let f be o(16). Suppose f = -0*a + 16*a. What is the units digit of a?
9
Suppose 53014 = 5*h + 24*d - 25*d, 0 = 2*h - 2*d - 21204. What is the thousands digit of h?
0
Let v = 164 - 657. Let u = -140 - v. What is the units digit of u?
3
Let c = 2396 - 2071. What is the units digit of c?
5
Let b be (-2)/12 - 84075/(-90). Let x = b - 353. What is the hundreds digit of x?
5
Let d be (-52080)/(-441) - 2/21. Suppose -113*g - 7810 = -d*g. What is the hundreds digit of g?
5
Let w(r) = -r**3 + 23*r**2 - 2*r + 26. Let a be w(23). Let p = a - -437. What is the hundreds digit of p?
4
Let v(x) = x**3 - 16*x**2 + 41*x - 7. Suppose 3 = -b, 0*j + 68 = 5*j - b. Let i be v(j). Suppose -u + g + i = -2*g, u - 3 = -g. What is the units digit of u?
7
Let f(o) = 149*o - 34. Suppose g = -5*y + 7*y + 8, -3*y - 14 = -2*g. What is the tens digit of f(g)?
6
Let f be (12/(-10))/(12/40)*-592. Suppose -3*q - 5*q + f = 0. What is the units digit of q?
6
Let v = -2395 - -13966. Suppose -23*l - 6*l = -v. What is the hundreds digit of l?
3
Let m(p) = -p**2 - 3. Let n be m(0). Let a be (-551)/(-5) + n/15. Suppose 0*y + a = y - 5*b, 3*y - 4*b - 286 = 0. What is the tens digit of y?
9
Suppose -7*l - 6*l = 1287. Let b be (132/l)/((-8)/18). What is the hundreds digit of 2566/30*b + 12/(-20)?
2
Let z = -10348 - -23271. What is the tens digit of z?
2
Let l = -7921 + 20196. What is the hundreds digit of l?
2
What is the tens digit of (-4)/(-2)*(-28)/(-8) + 295 + 20997?
9
Let t be 12/5 + 2/(-5). Suppose -3*p + 0*m + t*m = 349, 0 = 2*m - 4. Let s = 210 + p. What is the tens digit of s?
9
Suppose -18153 = 4*j - 72025 - 93788. What is the hundreds digit of j?
9
Let o = 93668 - 34001. What is the thousands digit of o?
9
What is the hundreds digit of 2 - -1118 - 0/53?
1
Let j = 62032 + -35879. What is the hundreds digit of j?
1
Let u(z) = 1875*z**2 - 16*z - 3 - 724*z**2 + 17*z + 7*z - 5. What is the units digit of u(1)?
1
Let l(c) = 678*c**2 + 32*c - 37. What is the tens digit of l(4)?
3
Suppose -3*u = x - 3*x + 6, 4*x - u + 8 = 0. What is the tens digit of ((-810)/(-35))/(x + 381/126)?
7
What is the tens digit of 39 - 5456/132 - (-116110)/3?
0
Let b = -195 + 209. Let h = 1416 - 295. Suppose -b*k + h = -13. What is the units digit of k?
1
Suppose 3*z - 3*u + 84 = 0, u + 4 = 3*u. Let k(y) = -2*y - 44. Let q be k(z). Suppose -911 = -5*s - 2*n, 3*n - q*n = -3*s + 528. What is the tens digit of s?
8
Let z = 47 + -7. Let r be (24/20)/(6/z). Let j(b) = -b**3 + 10*b**2 - 12*b - 3. What is the tens digit of j(r)?
2
Suppose 14*u + 11*u = 32750. Suppose 0 = 25*z - 35*z + u. What is the tens digit of z?
3
Let n(r) be the third derivative of r**6/24 - 11*r**5/60 - 5*r**4/24 - r**3/6 + 120*r**2. What is the units digit of n(5)?
4
Let s be (30184/(-63)*6)/((-2)/15). Suppose 0 = 70*t - 50*t - s. What is the thousands digit of t?
1
Let l(z) = -7*z**2 + 6*z - 18. Let s be l(10). Let g = 1137 + s. What is the tens digit of g?
7
Suppose 15*i - 19*i = -4. What is the units digit of 256 - 1/1 - i?
4
Suppose 4614 = -2*t - v, 58*v + 12 = 61*v. Let j = -1370 - t. What is the units digit of j?
9
Let k = 14534 + 3216. What is the hundreds digit of k?
7
Let w(x) = -15*x - 9. Let s(r) = -2*r + 22. Suppose 144 = 10*y + 2*y. Let p be s(y). What is the units digit of w(p)?
1
Let h(p) be the first derivative of 2*p**3/3 - 4*p**2 + 1. Suppose -2*a - 884 = -38*a - 32*a. What is the units digit of h(a)?
4
Suppose -5*a - 2 + 17 = 0. Suppose -5*r = -20, 44*r - 47*r + 8 = -2*i. What is the hundreds digit of i/(a + -1) + (-324)/(-2)?
1
Suppose -463*w - 1904528 + 10298980 = -10337602. What is the thousands digit of w?
0
Suppose -2*z - 4*w = -181074, -75195 = -z + 4*w + 15336. What is the tens digit of z?
3
Let f be ((-1)/(-2))/(-1)*(1 + -13). Let o(k) = 3*k**2 + 23 + 2*k**2 - 11*k - 2*k**2. What is the units digit of o(f)?
5
Let m be (-6 - -78)*(-636)/(-9). Suppose 6*w = 30*w - m. What is the tens digit of w?
1
Let q = -13543 + 18331. What is the hundreds digit of q?
7
Let n(f) = 2*f**3 + 11*f**2 + f - 11. Suppose 2*k = 5*y - 8, 0 = 4*y - 0*y. What is the tens digit of n(k)?
3
What is the thousands digit of (-71)/(-355) - (-366688)/10?
6
Let t = 64 - 62. Let p be (t - -1)*(-4 - (-1025)/15). Suppose p = 4*l - 151. What is the units digit of l?
6
Suppose 3421296 = 96*l + 794158 - 519070. What is the thousands digit of l?
2
Suppose 50*n + 7*n - 329289 = 0. What is the tens digit of n?
7
Let g(p) = -38*p + 3. Let l(t) = -15*t + 97. Let n be l(7). What is the units digit of g(n)?
7
Let z = -365 + 380. Let v(o) = 48*o + 104. What is the hundreds digit of v(z)?
8
Let c(l) = -238 + 9*l + 571 + 15*l. What is the units digit of c(0)?
3
Let c be ((-9)/(-12))/(-4 + (-531)/(-132)). Let z = c - -51. What is the tens digit of z?
8
Let w = -34 - -37. Let r(p) = -p**3 + 11*p**2 + 8*p + 7. Let g be r(10). Suppose -2*q + 2*a + g = -281, -704 = -w*q + 4*a. What is the tens digit of q?
3
What is the hundreds digit of (-27781)/(-63) + (-358)/(-11277)?
4
L